{"id":618,"date":"2014-08-12T14:35:24","date_gmt":"2014-08-12T12:35:24","guid":{"rendered":"http:\/\/www.kathrinstumpe.de\/?page_id=618"},"modified":"2018-05-21T19:00:42","modified_gmt":"2018-05-21T17:00:42","slug":"contact-2","status":"publish","type":"page","link":"http:\/\/www.kathrinstumpe.de\/?page_id=618","title":{"rendered":"KONTAKT"},"content":{"rendered":"<p class=\"intro\">Ich\u00a0freue mich \u00fcber Anfragen zu Auftr\u00e4gen, Kollaborationen oder wenn ihr einfach &#8222;Hallo&#8220; sagen m\u00f6chtet.<\/p>\n<p>Kathrin Stumpe<br \/>\nMartin-Luther-Str.<br \/>\nBerlin-Sch\u00f6neberg<\/p>\n<p><a href=\"mailto:email@kathrinstumpe.de\" target=\"_blank\" rel=\"noopener noreferrer\">email[at]kathrinstumpe.de<\/a><br \/>\n<a href=\"http:\/\/www.linkedin.com\/in\/kathrin-stumpe-7250b9a4\/\" target=\"_blank\" rel=\"noopener\">Linkedin<\/a><br \/>\n<a href=\"http:\/\/www.xing.com\/profile\/Kathrin_Stumpe?sc_o=mxb_p\" target=\"_blank\" rel=\"noopener\">Xing<\/a><br \/>\n<a href=\"http:\/\/www.instagram.com\/kathrinstumpe\/\" target=\"_blank\" rel=\"noopener\">Instagram<\/a><\/p>\n","protected":false},"excerpt":{"rendered":"<p>Ich\u00a0freue mich \u00fcber Anfragen zu Auftr\u00e4gen, Kollaborationen oder wenn ihr einfach &#8222;Hallo&#8220; sagen m\u00f6chtet. Kathrin Stumpe Martin-Luther-Str. Berlin-Sch\u00f6neberg email[at]kathrinstumpe.de Linkedin Xing Instagram<\/p>\n","protected":false},"author":2,"featured_media":0,"parent":0,"menu_order":0,"comment_status":"closed","ping_status":"open","template":"","meta":[],"_links":{"self":[{"href":"http:\/\/www.kathrinstumpe.de\/index.php?rest_route=\/wp\/v2\/pages\/618"}],"collection":[{"href":"http:\/\/www.kathrinstumpe.de\/index.php?rest_route=\/wp\/v2\/pages"}],"about":[{"href":"http:\/\/www.kathrinstumpe.de\/index.php?rest_route=\/wp\/v2\/types\/page"}],"author":[{"embeddable":true,"href":"http:\/\/www.kathrinstumpe.de\/index.php?rest_route=\/wp\/v2\/users\/2"}],"replies":[{"embeddable":true,"href":"http:\/\/www.kathrinstumpe.de\/index.php?rest_route=%2Fwp%2Fv2%2Fcomments&post=618"}],"version-history":[{"count":29,"href":"http:\/\/www.kathrinstumpe.de\/index.php?rest_route=\/wp\/v2\/pages\/618\/revisions"}],"predecessor-version":[{"id":1291,"href":"http:\/\/www.kathrinstumpe.de\/index.php?rest_route=\/wp\/v2\/pages\/618\/revisions\/1291"}],"wp:attachment":[{"href":"http:\/\/www.kathrinstumpe.de\/index.php?rest_route=%2Fwp%2Fv2%2Fmedia&parent=618"}],"curies":[{"name":"wp","href":"https:\/\/api.w.org\/{rel}","templated":true}]}}